+ 29. Let j(s) = -2*s + 10. Let l be j(d). Calculate the remainder when 11 is divided by (4/5)/(l/65).
1
Let f be (-1 + (-36)/(-16))/(5/320). Let a = f + 346. What is the remainder when a is divided by 39?
36
Let f(q) = -8*q - 9. Let p(h) = -h - 1. Let x(u) = -f(u) + p(u). Let j be x(4). Let w = j + -33. Calculate the remainder when 17 is divided by w.
2
Let o be (-7)/14*(94 - 0). Let m = 65 + o. What is the remainder when 69 is divided by m?
15
Let l be 2/(6/(-51)) - (-9)/(-3). Let m be ((-4)/(-10))/((-1)/l). Calculate the remainder when 41 is divided by (-103)/(-5) - m/(-20).
20
Let f = 2845 - 2830. Calculate the remainder when 3133 is divided by f.
13
Let f = 9124 + -8977. What is the remainder when f is divided by 10?
7
Suppose -84*l = -83*l - 3. Suppose -5*a = -7*a + 8, -l*h + 17 = -a. What is the remainder when 195 is divided by h?
6
Let t(v) = -5*v + 284. What is the remainder when t(8) is divided by 48?
4
Let z(b) be the first derivative of -145*b**2/2 - 17*b + 35. Calculate the remainder when z(-1) is divided by 44.
40
Let o(p) = 98*p + 2567. Let d be o(-26). Let t be -5*(-1 + (-2)/(-5)). Suppose -49 = -t*a - d. Calculate the remainder when 47 is divided by a.
7
Suppose -6 = 4*p - 3*k, 0 = p - 0*k - 4*k + 8. Suppose 2*x - 4*t - 86 = p, 3*t = 2*x - x - 47. Calculate the remainder when x is divided by 10.
5
Let l = -2875 + 3032. Calculate the remainder when l is divided by 108.
49
Let z be (-20)/6*(-36)/24 - 6. Calculate the remainder when 243 is divided by z/9 - (-15093)/243.
57
Suppose 1779 = 27*w + 429. Let x = 21 + w. Let f = -1 + 20. Calculate the remainder when x is divided by f.
14
Suppose -63 = -9*j + 6*j - 5*v, -2*v = 4*j - 84. Let h be 2 + (-32)/18 - 662/(-18). Let g = h - j. What is the remainder when 31 is divided by g?
15
Let x(m) = -64*m - 124. Let w(s) = -4*s**3 - s**2. Let u be w(1). Let r(y) = y + 7. What is the remainder when x(-2) is divided by r(u)?
0
Suppose 3*a = 9*a + 253 - 1855. Calculate the remainder when a is divided by 53.
2
Let j(x) = 34*x + 27. Let c be j(-4). Let a = -56 - c. Let g = 74 - a. What is the remainder when 41 is divided by g?
20
Let v(k) = -k**3 + 2*k**2 - 2*k - 168. Let a be v(0). Calculate the remainder when (a/10)/(38/(-95)) is divided by 23.
19
Let m(n) = -4*n - 11. Let a be m(-4). Suppose 0 = a*i + 5, -5*i + 1 = -4*o + 22. Suppose o = j + j. Calculate the remainder when 8 is divided by j.
0
Suppose j - 168 = -4*y, -2*j = -2*y - j + 78. Calculate the remainder when y is divided by (3/(-8))/(2472/(-145024)).
19
Let w = -15319 + 15397. Let q(r) = r**3 + 11*r**2 + 9*r + 17. Calculate the remainder when q(-7) is divided by w.
72
Suppose -3*q = x + 235, -2*x - 20 = 5*q + 449. Let m = 413 + x. Calculate the remainder when m is divided by 26.
25
Let i(y) = -y**2 - 10*y - 6. Suppose 7*t - 8*t = 6. Suppose 27 = 3*k - 2*h, -5*k - 4*h = -0*h - 67. What is the remainder when i(t) is divided by k?
7
Let o = -4119 + 6758. What is the remainder when o is divided by 40?
39
Let k(d) = 10*d**2 + 7*d + 8. Let j(i) = -i**3 + i**2 + 5*i + 7. Let x be j(3). What is the remainder when k(x) is divided by 25?
21
Let n = -7420 - -16661. What is the remainder when n is divided by 117?
115
Let m(h) = 5*h - 128. Let s be m(29). Suppose -s*x + 4*y = -18*x + 90, -y = -2*x + 162. Calculate the remainder when x is divided by 47.
35
Suppose -25*m = -g - 20*m - 25, 0 = 5*g - 2*m - 36. Calculate the remainder when 1929 is divided by g.
9
Let b(k) = 139*k + 165. Let t be b(3). Let y = t - 565. Calculate the remainder when 181 is divided by y.
11
Let f = 115 + -110. Let p(z) = -z + 5. What is the remainder when p(-4) is divided by f?
4
Let s be (1792/(-42))/((-3)/45*2). Let y = s + -277. What is the remainder when 1331 is divided by y?
41
Let q = -5354 - -5359. Calculate the remainder when 2562 is divided by q.
2
Calculate the remainder when -12 + 1330/112 + (42910/16)/7 is divided by 108.
59
Let u(v) = v**2 - v + 158. Let b be u(0). Let m = -99 + b. Suppose 30*h - 53*h + 345 = 0. What is the remainder when m is divided by h?
14
Let c(i) be the third derivative of -7*i**4/3 + 5*i**3/6 + 2*i**2 + 14*i. Suppose 132 = 5*m - m. Calculate the remainder when c(-1) is divided by m.
28
Let k(n) = n**3 - 8*n**2 + n + 10. Let p be k(12). Let l = p - 375. What is the remainder when l is divided by 16?
15
Suppose -470849*h - 15594 = -470872*h. What is the remainder when h is divided by 536?
142
Suppose 12 + 20 = -c. Let h = c - -92. Let i(d) = 17*d**2 + 3*d + 2. What is the remainder when h is divided by i(-1)?
12
Let w(x) = 53*x**3 - 3*x**2 - 1. Let f be w(2). Let i = f + -260. What is the remainder when i is divided by 24?
7
Suppose 3*s - 29 = 109. Let q be (1/(-2))/(-3 - s/(-16)). Suppose -w = r - q, -2*w + 3 = -5*r + 9. Calculate the remainder when 5 is divided by w.
1
Suppose d + 4*d = 80. Calculate the remainder when d is divided by (200/125)/((-2)/(-5))*1.
0
Let u be 135/(-18)*2/(-1). Suppose 57 = -u*t + 18*t. Calculate the remainder when 94 is divided by t.
18
Suppose -7 = -4*q - d, -2*q + q = 2*d + 7. Suppose -z = -14 - q. What is the remainder when z is divided by (-35 - -39)/((-3)/(-2)*(-4)/(-6))?
1
Suppose -298*d + 105534 = -86080. What is the remainder when d is divided by 126?
13
Let r = 20 + -18. Suppose -r = -f + 13. What is the remainder when 1 + 1 + (-1778)/(-18) + 122/549 is divided by f?
11
Let v(k) = 48*k + 13. Let y be v(1). Let h = -68 + y. Let b = 8 - h. Calculate the remainder when 104 is divided by b.
14
Suppose -360 = 10*d - 28*d. Suppose 20*b - 144 = 1336. Calculate the remainder when b is divided by d.
14
Let m = 7093 + -6987. What is the remainder when 330 is divided by m?
12
Let x(y) = 14*y + 14 + 0 - 42 + 4. What is the remainder when 26 is divided by x(2)?
2
Suppose -11573 - 60455 = -17*y - 17220. What is the remainder when y is divided by 38?
32
Let n = -155 - -184. Let t be (-186)/(-10) - 2/(-5). Let p = n - t. Calculate the remainder when 27 is divided by p.
7
Suppose 80*w = 82*w + 24. Calculate the remainder when (39/2)/((-9)/w) - -2 is divided by 8.
4
Let c(k) = -9*k + 26. Let o be c(-9). Let t = o - 97. What is the remainder when 87 is divided by t?
7
Calculate the remainder when (-2334 - (8 + (-18)/9))*(-3)/6 is divided by 384.
18
Let u = -204 - -370. Let g = -363 + 280. Let r = g + u. What is the remainder when r is divided by 21?
20
Suppose 146 = 5*q + 1101. Let j = -182 - q. Calculate the remainder when (30/(-7))/(2/(-14)) is divided by j.
3
Let r = -1339 - -2029. What is the remainder when r is divided by 147?
102
What is the remainder when (-120)/25 + 5 - (-246632)/40 is divided by 31?
28
Suppose -4618*f + 4593*f + 2950 = 0. What is the remainder when f is divided by (-4)/(-6) - 49/(-3)?
16
Let w(f) = 73*f + 145. What is the remainder when w(0) is divided by 84?
61
Suppose -q = -5*l - 46 - 43, -5*l = q - 139. What is the remainder when 147 is divided by ((-45)/(-2))/(q/380)?
72
Let g(y) = y**2 - 392*y + 1555. Suppose 0 = -4*j + 2*j + 48. What is the remainder when j is divided by g(4)?
0
Let u(z) = -190*z - 1526. Suppose 97 = 4*m - 95. What is the remainder when u(-9) is divided by m?
40
Calculate the remainder when 84 is divided by (3 + 0 + -17)/(-2*(-5)/(-10)).
0
Calculate the remainder when 325 is divided by -1*3*((-6375)/315 - 6/14).
15
Let s = 6 - -22. Suppose h - s = -3*x + 8, 5*h - 210 = -5*x. What is the remainder when 310 is divided by h?
40
Let y(b) = b**2 + 2. Let s(v) = -4*v**2 + 3*v - 4. Let r(t) = s(t) + 5*y(t). Suppose -p + 5*p = 0. Calculate the remainder when 22 is divided by r(p).
4
Suppose 4*p = 2*t - 7506, -5*p + 14977 = 4*t - 8*p. What is the remainder when t is divided by 12?
7
Let n(q) = -q**2 - 5*q - 7. Let v be n(-3). Let y be 1/(v/4*2) - -44. Let f = -28 + y. Calculate the remainder when 53 is divided by f.
11
Let i(f) be the first derivative of f**3/3 + 15*f**2/2 + 22*f - 37. Let r be i(-9). Let v(z) = z + 51. Calculate the remainder when 37 is divided by v(r).
18
Suppose 5*b = -6*l + 741, 4*b = 3*b + 5*l + 142. Calculate the remainder when 577 is divided by b.
136
Suppose -663*j = -1202*j + 171941. What is the remainder when j is divided by 2*24*(-2)/(-3)?
31
Suppose 72*m - 73*m - 872 = -4*c, -5*m = 3*c - 608. Calculate the remainder when 619 is divided by c.
187